1
What are the prime factors of 103389?
3, 11, 13, 241
What are the prime factors of 2223113?
2223113
List the prime factors of 89451.
3, 3313
List the prime factors of 66208.
2, 2069
List the prime factors of 3640309.
3640309
What are the prime factors of 371369?
37, 10037
What are the prime factors of 4582495?
5, 149, 6151
List the prime factors of 6272253.
3, 13, 53609
What are the prime factors of 224163?
3, 24907
What are the prime factors of 251052?
2, 3, 20921
List the prime factors of 354930.
2, 3, 5, 11831
List the prime factors of 362666.
2, 149, 1217
What are the prime factors of 23587?
103, 229
List the prime factors of 8472537.
3, 19, 49547
List the prime factors of 1032919.
47, 21977
List the prime factors of 2317423.
17, 136319
List the prime factors of 7336651.
7, 79, 13267
List the prime factors of 8515842.
2, 3, 23, 2683
List the prime factors of 47702.
2, 17, 23, 61
What are the prime factors of 1902586?
2, 7, 135899
List the prime factors of 1137110.
2, 5, 13, 8747
List the prime factors of 2206903.
139, 15877
List the prime factors of 405657.
3, 7, 47, 137
What are the prime factors of 42740?
2, 5, 2137
What are the prime factors of 3877362?
2, 3, 59, 1217
List the prime factors of 7118715.
3, 5, 474581
List the prime factors of 201538.
2, 100769
List the prime factors of 695673.
3, 11, 7027
List the prime factors of 7004047.
31, 101, 2237
What are the prime factors of 21537556?
2, 5384389
What are the prime factors of 1330262?
2, 665131
List the prime factors of 221413.
221413
List the prime factors of 81586.
2, 19, 113
What are the prime factors of 200996?
2, 109, 461
What are the prime factors of 1553250?
2, 3, 5, 19, 109
List the prime factors of 8174716.
2, 11, 185789
What are the prime factors of 1831835?
5, 17, 23, 937
What are the prime factors of 162074?
2, 11, 53, 139
List the prime factors of 2340490.
2, 5, 43, 5443
List the prime factors of 124491.
3, 17, 2441
What are the prime factors of 120059?
211, 569
What are the prime factors of 103143?
3, 34381
What are the prime factors of 526127?
7, 75161
What are the prime factors of 6301313?
661, 9533
What are the prime factors of 1802429?
131, 13759
What are the prime factors of 28246?
2, 29, 487
What are the prime factors of 171328?
2, 2677
What are the prime factors of 1038992?
2, 64937
List the prime factors of 5892314.
2, 2946157
What are the prime factors of 226041?
3, 75347
List the prime factors of 450577.
107, 4211
List the prime factors of 3454306.
2, 29, 59557
What are the prime factors of 793380?
2, 3, 5, 7, 1889
List the prime factors of 2446813.
2446813
List the prime factors of 596299.
11, 151, 359
List the prime factors of 2301810.
2, 3, 5, 7, 97, 113
List the prime factors of 2826516.
2, 3, 7, 11, 19, 23
List the prime factors of 278977.
19, 14683
List the prime factors of 175016.
2, 131, 167
List the prime factors of 386524.
2, 71, 1361
List the prime factors of 595565.
5, 311, 383
What are the prime factors of 198593?
198593
What are the prime factors of 1298259?
3, 67, 2153
List the prime factors of 2452680.
2, 3, 5, 757
List the prime factors of 23318.
2, 89, 131
What are the prime factors of 6163163?
17, 19, 19081
List the prime factors of 340523.
229, 1487
What are the prime factors of 255803?
255803
What are the prime factors of 329302?
2, 229, 719
List the prime factors of 191735.
5, 31, 1237
List the prime factors of 469969.
469969
List the prime factors of 33155.
5, 19, 349
List the prime factors of 137327.
89, 1543
List the prime factors of 478932.
2, 3, 107, 373
What are the prime factors of 1405736?
2, 199, 883
List the prime factors of 22936134.
2, 3, 13, 294053
List the prime factors of 3481502.
2, 89, 19559
List the prime factors of 43536.
2, 3, 907
What are the prime factors of 1835537?
11, 166867
What are the prime factors of 29703?
3, 9901
What are the prime factors of 78894?
2, 3, 487
What are the prime factors of 209083?
7, 17, 251
What are the prime factors of 254068?
2, 19, 3343
What are the prime factors of 120843?
3, 29, 463
What are the prime factors of 24722?
2, 47, 263
What are the prime factors of 1880571?
3, 7, 11, 1163
What are the prime factors of 3870536?
2, 31, 15607
What are the prime factors of 225668?
2, 56417
What are the prime factors of 199199?
7, 11, 13, 199
What are the prime factors of 67342?
2, 11, 3061
List the prime factors of 1525601.
7, 11, 19813
What are the prime factors of 13106330?
2, 5, 1310633
What are the prime factors of 3772615?
5, 7, 11, 41, 239
List the prime factors of 42201875.
5, 67523
List the prime factors of 20108.
2, 11, 457
List the prime factors of 322617.
3, 31, 3469
What are the prime factors of 9052492?
2, 1291, 1753
What are the prime factors of 2748590?
2, 5, 13, 21143
What are the prime factors of 13822160?
2, 5, 11, 113, 139
List the prime factors of 762981.
3, 197, 1291
List the prime factors of 427610.
2, 5, 61, 701
List the prime factors of 10619694.
2, 3, 196661
What are the prime factors of 19495710?
2, 3, 5, 13, 19, 877
List the prime factors of 131745.
3, 5, 8783
List the prime factors of 33567759.
3, 3729751
What are the prime factors of 27199828?
2, 103, 107, 617
What are the prime factors of 248617?
29, 8573
List the prime factors of 292773.
3, 13, 7507
List the prime factors of 1158866.
2, 579433
List the prime factors of 5144.
2, 643
What are the prime factors of 1240582?
2, 7, 12659
What are the prime factors of 1239285?
3, 5, 82619
List the prime factors of 824230.
2, 5, 11, 59, 127
What are the prime factors of 8142503?
8142503
List the prime factors of 56541.
3, 47, 401
List the prime factors of 4098532.
2, 1024633
List the prime factors of 361952.
2, 11311
List the prime factors of 32724832.
2, 7, 146093
What are the prime factors of 152485?
5, 30497
List the prime factors of 3794314.
2, 103, 113, 163
What are the prime factors of 424289?
19, 137, 163
What are the prime factors of 8030647?
17, 472391
What are the prime factors of 400424?
2, 50053
List the prime factors of 87461.
11, 7951
What are the prime factors of 3792590?
2, 5, 19, 19961
List the prime factors of 272450.
2, 5, 5449
List the prime factors of 531289.
11, 48299
List the prime factors of 326822.
2, 163411
What are the prime factors of 4250611?
4250611
What are the prime factors of 559578?
2, 3, 93263
List the prime factors of 321281.
101, 3181
What are the prime factors of 30660326?
2, 137, 149, 751
List the prime factors of 2586070.
2, 5, 258607
List the prime factors of 10002945.
3, 5, 401, 1663
List the prime factors of 2867951.
17, 73, 2311
List the prime factors of 1098552.
2, 3, 7, 13, 503
What are the prime factors of 485452?
2, 11, 17, 59
What are the prime factors of 342882?
2, 3, 43, 443
What are the prime factors of 92181?
3, 30727
What are the prime factors of 236128?
2, 47, 157
What are the prime factors of 147502?
2, 73751
List the prime factors of 879271.
879271
List the prime factors of 392623.
7, 11, 5099
What are the prime factors of 35110?
2, 5, 3511
List the prime factors of 6096879.
3, 103, 6577
List the prime factors of 95747.
95747
What are the prime factors of 33814?
2, 11, 29, 53
What are the prime factors of 130861?
107, 1223
What are the prime factors of 5718287?
5718287
List the prime factors of 2900145.
3, 5, 29, 59, 113
What are the prime factors of 739053?
3, 7, 11731
What are the prime factors of 53878?
2, 11, 31, 79
List the prime factors of 2628314.
2, 13, 101089
List the prime factors of 39887104.
2, 155809
List the prime factors of 2962099.
7, 61, 991
What are the prime factors of 1396707?
3, 13, 59, 607
What are the prime factors of 372107?
372107
What are the prime factors of 211322?
2, 157, 673
List the prime factors of 194227.
11, 17657
List the prime factors of 4049218.
2, 1151, 1759
What are the prime factors of 946991?
331, 2861
What are the prime factors of 1775979?
3, 65777
What are the prime factors of 4205058?
2, 3, 11, 13, 29
What are the prime factors of 980050?
2, 5, 17, 1153
What are the prime factors of 9132160?
2, 5, 19, 751
What are the prime factors of 4637142?
2, 3, 79, 1087
List the prime factors of 315219.
3, 179, 587
What are the prime factors of 2204802?
2, 3, 122489
What are the prime factors of 9020739?
3, 7, 13, 173, 191
What